{"id":1477,"date":"2021-06-12T20:44:48","date_gmt":"2021-06-12T20:44:48","guid":{"rendered":"https:\/\/iavitech.com\/?page_id=1477"},"modified":"2021-07-22T03:22:12","modified_gmt":"2021-07-22T03:22:12","slug":"hospedaje-web-y-correo-electronico","status":"publish","type":"page","link":"https:\/\/iavitech.com\/?page_id=1477","title":{"rendered":"Hospedaje Web y Correo Electr\u00f3nico"},"content":{"rendered":"<p>[vc_row vertical_align=\u00bbmiddle\u00bb background_color=\u00bb#f4f4f4&#8243;][vc_column text_align=\u00bbcenter\u00bb width_sm=\u00bb1\/2&#8243;][vc_custom_heading text=\u00bbAdem\u00e1s de dise\u00f1ar su p\u00e1gina web, contamos con la infraestructura necesaria para administrar y hospedar su sitio con una disponibilidad del 99.99%.\u00bb font_container=\u00bbtag:p|font_size:30px|text_align:center|line_height:36px\u00bb google_fonts=\u00bbfont_family:Lato%3A100%2C100italic%2C300%2C300italic%2Cregular%2Citalic%2C700%2C700italic%2C900%2C900italic|font_style:300%20light%20regular%3A300%3Anormal\u00bb css=\u00bb.vc_custom_1626924122768{padding-right: 5% !important;padding-left: 5% !important;}\u00bb][\/vc_column][\/vc_row][vc_row vertical_align=\u00bbmiddle\u00bb padding_size=\u00bbm-padding\u00bb][vc_column padding_size=\u00bbno-padding\u00bb width=\u00bb1\/2&#8243; css=\u00bb.vc_custom_1623550847307{padding-right: 7% !important;padding-left: 7% !important;}\u00bb][vc_empty_space][wyde_heading title=\u00bbConoce nuestros planes\u00bb style=\u00bb2&#8243; text_align=\u00bbleft\u00bb][vc_custom_heading text=\u00bbOfrecemos distintos planes de servicio de correo electr\u00f3nico para tu negocio.<br \/>\nD\u00e9jalo en nuestras manos, nosotros administramos sus sitios web y nos encargamos sus cuentas de correo.\u00bb font_container=\u00bbtag:p|font_size:24px|text_align:left|line_height:36px\u00bb google_fonts=\u00bbfont_family:Lato%3A100%2C100italic%2C300%2C300italic%2Cregular%2Citalic%2C700%2C700italic%2C900%2C900italic|font_style:300%20light%20regular%3A300%3Anormal\u00bb css=\u00bb.vc_custom_1626923673289{padding-top: 5% !important;padding-right: 5% !important;}\u00bb][wyde_link_button title=\u00bbVER M\u00c1S\u00bb style=\u00bbround\u00bb size=\u00bblarge\u00bb color=\u00bb#543aaf\u00bb animation=\u00bbbounceIn\u00bb][vc_empty_space][\/vc_column][vc_column text_align=\u00bbcenter\u00bb padding_size=\u00bbno-padding\u00bb width=\u00bb1\/2&#8243;][vc_single_image image=\u00bb1515&#8243; alignment=\u00bbcenter\u00bb animation=\u00bbfadeInUp\u00bb][\/vc_column][\/vc_row][vc_row vertical_align=\u00bbmiddle\u00bb padding_size=\u00bbno-padding\u00bb background_color=\u00bb#5ececf\u00bb column_reverse=\u00bbxs\u00bb][vc_column text_align=\u00bbcenter\u00bb padding_size=\u00bbno-padding\u00bb width=\u00bb1\/2&#8243;][vc_single_image image=\u00bb1497&#8243; alignment=\u00bbcenter\u00bb][\/vc_column][vc_column padding_size=\u00bbs-padding\u00bb width=\u00bb1\/2&#8243; width_sm=\u00bb1\/12&#8243; css=\u00bb.vc_custom_1623616494416{padding-left: 5% !important;}\u00bb][vc_custom_heading text=\u00bb24\/7&#8243; font_container=\u00bbtag:h1|font_size:60px|text_align:left|color:%23543aaf\u00bb google_fonts=\u00bbfont_family:Fira%20Sans%3A300%2C300italic%2C400%2C400italic%2C500%2C500italic%2C700%2C700italic|font_style:700%20bold%20regular%3A700%3Anormal\u00bb animation=\u00bbbounceIn\u00bb][wyde_heading title=\u00bbSoporte Experto\u00bb text_align=\u00bbleft\u00bb][vc_custom_heading text=\u00bbNuestro equipo interno de expertos est\u00e1 siempre disponible para ayudarlo a responder sus preguntas, comenzar y hacer crecer la presencia de su empresa. \u00a1Puede llamarnos, chatear o enviarnos un correo electr\u00f3nico en cualquier momento!\u00bb font_container=\u00bbtag:p|font_size:24px|text_align:left|line_height:36px\u00bb google_fonts=\u00bbfont_family:Lato%3A100%2C100italic%2C300%2C300italic%2Cregular%2Citalic%2C700%2C700italic%2C900%2C900italic|font_style:300%20light%20regular%3A300%3Anormal\u00bb css=\u00bb.vc_custom_1626923686767{padding-top: 5% !important;padding-right: 5% !important;}\u00bb][\/vc_column][\/vc_row][vc_row padding_size=\u00bbno-padding\u00bb background_color=\u00bb#543aaf\u00bb css=\u00bb.vc_custom_1623612397420{padding-top: 0px !important;}\u00bb][vc_column text_style=\u00bblight\u00bb text_align=\u00bbcenter\u00bb][wyde_action_box title=\u00bbResuelva ahora sus dudas y empiece a respaldar su negocio\u00bb button_text=\u00bbCONT\u00c1CTENOS\u00bb style=\u00bbround\u00bb size=\u00bblarge\u00bb color=\u00bb#5ececf\u00bb link=\u00bburl:https%3A%2F%2Fiavitech.com%2F%3Fpage_id%3D913|title:CONT%C3%81CTANOS\u00bb][\/wyde_action_box][\/vc_column][\/vc_row]<\/p>\n","protected":false},"excerpt":{"rendered":"<p>[vc_row vertical_align=\u00bbmiddle\u00bb background_color=\u00bb#f4f4f4&#8243;][vc_column text_align=\u00bbcenter\u00bb width_sm=\u00bb1\/2&#8243;][vc_custom_heading text=\u00bbAdem\u00e1s de dise\u00f1ar su p\u00e1gina web, contamos con la infraestructura necesaria para administrar y hospedar su sitio con una disponibilidad del 99.99%.\u00bb font_container=\u00bbtag:p|font_size:30px|text_align:center|line_height:36px\u00bb google_fonts=\u00bbfont_family:Lato%3A100%2C100italic%2C300%2C300italic%2Cregular%2Citalic%2C700%2C700italic%2C900%2C900italic|font_style:300%20light%20regular%3A300%3Anormal\u00bb css=\u00bb.vc_custom_1626924122768{padding-right: 5% !important;padding-left: 5% !important;}\u00bb][\/vc_column][\/vc_row][vc_row vertical_align=\u00bbmiddle\u00bb padding_size=\u00bbm-padding\u00bb][vc_column padding_size=\u00bbno-padding\u00bb width=\u00bb1\/2&#8243; css=\u00bb.vc_custom_1623550847307{padding-right: 7% !important;padding-left: 7% !important;}\u00bb][vc_empty_space][wyde_heading title=\u00bbConoce nuestros planes\u00bb style=\u00bb2&#8243; text_align=\u00bbleft\u00bb][vc_custom_heading text=\u00bbOfrecemos distintos planes de servicio de correo [&hellip;]<\/p>\n","protected":false},"author":1,"featured_media":0,"parent":0,"menu_order":0,"comment_status":"closed","ping_status":"closed","template":"","meta":{"_vp_format_video_url":"","_vp_image_focal_point":[]},"_links":{"self":[{"href":"https:\/\/iavitech.com\/index.php?rest_route=\/wp\/v2\/pages\/1477"}],"collection":[{"href":"https:\/\/iavitech.com\/index.php?rest_route=\/wp\/v2\/pages"}],"about":[{"href":"https:\/\/iavitech.com\/index.php?rest_route=\/wp\/v2\/types\/page"}],"author":[{"embeddable":true,"href":"https:\/\/iavitech.com\/index.php?rest_route=\/wp\/v2\/users\/1"}],"replies":[{"embeddable":true,"href":"https:\/\/iavitech.com\/index.php?rest_route=%2Fwp%2Fv2%2Fcomments&post=1477"}],"version-history":[{"count":90,"href":"https:\/\/iavitech.com\/index.php?rest_route=\/wp\/v2\/pages\/1477\/revisions"}],"predecessor-version":[{"id":2265,"href":"https:\/\/iavitech.com\/index.php?rest_route=\/wp\/v2\/pages\/1477\/revisions\/2265"}],"wp:attachment":[{"href":"https:\/\/iavitech.com\/index.php?rest_route=%2Fwp%2Fv2%2Fmedia&parent=1477"}],"curies":[{"name":"wp","href":"https:\/\/api.w.org\/{rel}","templated":true}]}}